factors of t.
2, 3, 7
Let l(m) = 3*m**2 - 10*m - 7. Let n be l(8). Let q be (n/2)/(2/4). Let j = 168 - q. What are the prime factors of j?
3, 7
Let x(s) = s**3 + 6*s**2 - 7*s + 3. Suppose -5*i - 3*i + 16 = 0. Let h be (2 - (i + 2)) + (2 - 3). What are the prime factors of x(h)?
3, 17
Suppose 147 = 11*f - 4*f. Let l = 26 - f. Suppose k - l = 0, 4*k + k + 111 = 2*g. List the prime factors of g.
2, 17
Suppose -207*i + 208*i - 4 = 0. Suppose 5*f - 63 = 5*x + 317, -4*x + 320 = i*f. What are the prime factors of f?
2, 3, 13
Let d = -41281 + 128418. What are the prime factors of d?
79, 1103
Let o(y) = -91*y**3 + 7*y**2 + 8*y + 6. Let q(f) = -f**3 - f**2 + f. Let u(l) = o(l) + 2*q(l). List the prime factors of u(-2).
2, 3, 5
Suppose -3*u + 8 = -4*x, 3*x - u = 4*x + 9. Let r be 2/x*(296 - 11). List the prime factors of (r/24)/((-1)/28).
7, 19
Let k(y) = -32*y + 218. Let o be k(7). What are the prime factors of 3844/o*15/(-10)?
31
Let o = 3642 + -2389. List the prime factors of o.
7, 179
Suppose 0 = 2*d + 5*q + 7 - 57, -q - 71 = -5*d. Suppose 0 = 14*v - 69 - d. Let s(g) = 4*g**2 + 6*g + 14. List the prime factors of s(v).
2, 97
Let y be 56/20*(-15)/(-6). Let s(a) = -a**2 + 1. Let f(l) = -l**3 + 8*l**2 - 3*l + 8. Let x(g) = -f(g) - s(g). What are the prime factors of x(y)?
2, 3
List the prime factors of (-3744)/(-224) + -17 - 129/(-7)*1585.
29209
Let i be (10/20)/((-2)/4). What are the prime factors of ((-28035)/54 + i/(-6))*-1?
3, 173
Let x(z) = -548*z + 6314. What are the prime factors of x(-17)?
2, 3, 5, 521
Suppose 10563 + 1449 = 2*q. Suppose q = -12*b + 25*b. What are the prime factors of b?
2, 3, 7, 11
Let u(q) = q**3 + 31*q**2 - 42*q - 29. Let h be u(-31). Suppose -h = 6*x - 1363. What are the prime factors of x?
3, 5
Let n(u) = -177*u - 61. Let d be n(-10). Suppose 0 = -7*g - 120 + d. What are the prime factors of g?
227
Suppose -c + 3*u = -10019, -2*c - 5876 = 2*u - 25898. List the prime factors of c.
17, 19, 31
Let o be ((-44)/(-6))/11 + (-4)/(-3). Suppose -3*j + 2738 + 1525 = 3*x, o*j = -x + 2838. What are the prime factors of j?
13, 109
Let t be 1583 + (-3)/(-12)*0 + 3. Suppose 2*k = 2*i + t, k = -10*i + 15*i + 781. List the prime factors of k.
2, 199
Let k be 4163/4 - 2*6/(-48). Suppose 2*v - 924 = -4*b, 4*v - 326 = 3*b - k. List the prime factors of b.
233
Suppose 2*c - 5 = -2*b - b, 4*b - 2*c - 16 = 0. Suppose 5*a = -4*p + 330 + 1310, b*a = -3*p + 987. Let r = -157 + a. List the prime factors of r.
167
Let q(v) = 9*v**3 - 7*v**2 + 18*v - 24. Let j(u) = 42*u + 130. Let n be j(-3). What are the prime factors of q(n)?
2
Suppose -5*p + 880 = -3*i, 0 = p + 3*i - 107 - 51. Let a = p - 27. Let r = a + 11. List the prime factors of r.
157
Suppose -50*x - 3*b = -49*x - 5848, 23432 = 4*x + 2*b. What are the prime factors of x?
2, 5, 293
Suppose 0*m = -2*m - 1020. Let b = -225 - m. What are the prime factors of b?
3, 5, 19
Let n be ((-4444)/3)/(-2) - 252/378. Let h = n - 534. What are the prime factors of h?
2, 103
Suppose -2*n - 23 = -4*n - q, -3*n + 37 = 4*q. Let y(z) = -2*z + 16. Let t be y(n). What are the prime factors of (-4 + 2)/(t/153)?
3, 17
Let b be 4*(72 - 0 - 2). Let x = 571 - b. What are the prime factors of x?
3, 97
Let r(d) = -2*d**3 + 3*d**2 - 4*d - 1. Let i(a) = a**3. Let p(j) = -i(j) + r(j). Let s(t) = 2*t + 107. Let v be s(-55). List the prime factors of p(v).
7, 17
Let v(j) = -j**2 - 3*j + 21. Let s = 146 + -74. Let z be ((-6)/9)/(8/s). List the prime factors of v(z).
3
Suppose -2*y - 5*j + 1400 = 0, -2856 = -2*y - 2*y + 4*j. Let o = 1124 - y. List the prime factors of o.
2, 3, 23
Let g be (2*2)/(4 - 42/9). Let a(j) = -j**3 - 8*j**2 - 3*j + 8. Let v be a(g). List the prime factors of v/6*(4 + -2 - 5).
23
Let j(s) = 47*s**2 - 11*s - 30. What are the prime factors of j(12)?
2, 3, 367
Let r = -8526 + 38634. List the prime factors of r.
2, 3, 13, 193
Suppose 4*y - 6*y = 5*p + 466, 3*p + 2*y = -278. Let o = p + 189. Let x = o + -83. List the prime factors of x.
2, 3
Let m(y) = 39*y**2 + 1. Let b be m(1). Suppose 4*p = -3*f - 35, 5*p + 3*f + b = -2*f. Let d = 29 + p. What are the prime factors of d?
2, 3
Let t be ((-4)/(-14))/((-6)/(-84)). List the prime factors of (6/t)/(12/1056).
2, 3, 11
Suppose 42*k - 1260276 = 359454. What are the prime factors of k?
3, 5, 857
Let g(q) = 2*q - 6. Let k be g(5). Suppose -k*v + 4*i = -436, 4*v + 4*i - 2*i = 418. What are the prime factors of v?
2, 53
Suppose 2*t - 904 = -2*t. Suppose -5*j + 2 + 18 = 0, -2*l + 3*j + 1180 = 0. Suppose 6*u - t = l. What are the prime factors of u?
137
Let f = 174 + -169. Suppose -3*c - f*n = -173, -5*c - 2*n + 267 = n. What are the prime factors of c?
3, 17
Suppose -230*s - 1062480 = -325*s. What are the prime factors of s?
2, 3, 233
Let f be 51/34*-1*2. Let u be ((-1)/3)/(f*(-2)/(-72)). Suppose 647 + 468 = 5*g + 5*b, -2*b + u = 0. List the prime factors of g.
13, 17
Let d(y) = -y + 5. Let m be d(-21). Let n(a) = a**2 - 21*a + 158. List the prime factors of n(m).
2, 3
Suppose -4*k - 122*i - 464 = -118*i, 0 = -3*k + i - 352. Let j(v) = -183*v. Let x be j(1). Let z = k - x. List the prime factors of z.
2, 3, 11
List the prime factors of ((-741)/494)/((-3)/12452).
2, 11, 283
Let v(x) = -x**2 - 6*x + 19. Suppose 17 = -2*c - 1. Let n be v(c). What are the prime factors of 16/64 - (1 + 1182/n)?
3, 7
Suppose 1 = -a - 3*c + 7, a + 1 = 4*c. Suppose a*d = d. Suppose d = 4*i - 113 - 55. What are the prime factors of i?
2, 3, 7
Let g be (-170)/4*(-2544)/40. Let j = g + -1315. What are the prime factors of j?
2, 347
What are the prime factors of 14*(-10)/70*39741/(-6)?
13, 1019
List the prime factors of ((-156)/10)/(375/(-133750)).
2, 13, 107
Suppose -563*w + 551*w = -524064. What are the prime factors of w?
2, 53, 103
Let a(y) = y**2 - 3*y - 30. Let x be a(8). Suppose 0 = -x*l - 76 + 1636. Let s = l - 74. What are the prime factors of s?
2, 41
List the prime factors of (12 - (-3 - -7) - (-10)/(-2)) + 13562.
5, 2713
Suppose -5*s + 3*o + 516 = -8*s, 4*s - o + 703 = 0. Let q = 334 - s. List the prime factors of q.
509
Suppose -6491999 = 152*j + 249*j - 28422689. What are the prime factors of j?
2, 3, 5, 1823
What are the prime factors of 1861 + (-18 - -10) + 0?
17, 109
Suppose 0 = -2*q + 915 - 3245. Let d = 2100 + q. What are the prime factors of d?
5, 11, 17
Let f(g) = -g**3 + g**2 - 8*g + 4. Let j be f(-4). Let h = -57 + j. What are the prime factors of h?
59
Let o = 14168 + -5886. What are the prime factors of o?
2, 41, 101
Let i = -141 - -147. What are the prime factors of (6*i/27)/((-11)/(-1122))?
2, 17
Let d(m) = -42*m - 1 - 33 + 8. List the prime factors of d(-7).
2, 67
Suppose -3*c - 14273 + 3978 = -l, -2*l + 5*c + 20585 = 0. List the prime factors of l.
2, 5, 257
Let q be 4 - (1 + 5 + -4). Suppose 0 = -q*a - 5 + 1, 2*a + 4 = -4*u. What are the prime factors of 1 + 4 + -2 + u?
3
List the prime factors of (-10 + (-3 + -9)*-1)/((-2)/(-3678)).
2, 3, 613
Suppose -z + 39*o - 41*o = -2104, -3*o - 8460 = -4*z. List the prime factors of z.
2, 3, 11
Let m(l) = -l**3 - 15*l**2 + 148*l + 113. What are the prime factors of m(-33)?
14831
Let k(c) = 391*c**2 + 28*c - 54. What are the prime factors of k(4)?
2, 7, 11, 41
Suppose -27*y + 116342 = 2*q - 25*y, 116358 = 2*q - 2*y. What are the prime factors of q?
5, 13, 179
Let c be (-80)/100*(-1)/(2/10). Suppose -5*u + 2692 = -u - c*q, -2*u - 5*q + 1346 = 0. What are the prime factors of u?
673
Let q = 476 + 36367. What are the prime factors of q?
3, 12281
Let o(j) = 30*j + 58. Let z be o(14). Suppose -12*y + 9*y = 1008. Let k = y + z. What are the prime factors of k?
2, 71
Let f(s) = -86*s**2 - 32*s + 7. Let j be f(-4). Let o = 1784 + j. What are the prime factors of o?
3, 181
Let v be 19 + -20 - (1 - -23). Let z = v + 72. Suppose 0 = 2*o + c - z, c - 5 = -8. List the prime factors of o.
5
Let u be (-350)/(-45) + 5 + 86/(-18). Suppose 239 + 2073 = u*y. What are the prime factors of y?
17
Let m be 2/15 - (-996)/(-45). Let i(s) = -56*s - 152. What are the prime factors of i(m)?
2, 3, 5
Let z(p) = 117*p - 3175. Let x be z(28). Let r be (15/(-6))/(2/(-32)). Let k = r + x. What are the prime factors of k?
3, 47
List the prime factors of -9917*1*((-21)/(-3) + -8).
47, 211
Let h(m) = 6*m + 66. Let l be h(-9). Suppose -9*d + 801 = 3*a - 4*d, 4*d =